-25
177 (base 14) to base 9
364
What is -1112 (base 3) in base 14?
-2d
What is 2 (base 11) in base 8?
2
-10 (base 12) to base 11
-11
-100001 (base 2) to base 3
-1020
Convert 0 (base 16) to base 12.
0
Convert -19 (base 12) to base 14.
-17
Convert -32 (base 5) to base 7.
-23
What is -1101 (base 2) in base 5?
-23
Convert 15 (base 13) to base 11.
17
What is 68 (base 11) in base 7?
134
4 (base 14) to base 9
4
Convert -20 (base 11) to base 9.
-24
2 (base 7) to base 5
2
What is 5 (base 14) in base 3?
12
-33 (base 16) to base 11
-47
0 (base 4) to base 2
0
What is -2 (base 11) in base 9?
-2
-10 (base 8) to base 2
-1000
-2 (base 15) to base 4
-2
Convert -1 (base 10) to base 3.
-1
21 (base 4) to base 12
9
0 (base 11) to base 3
0
Convert b (base 15) to base 2.
1011
What is -17 (base 11) in base 6?
-30
What is -1 (base 4) in base 2?
-1
What is -12 (base 14) in base 7?
-22
Convert 2 (base 7) to base 3.
2
Convert -454 (base 6) to base 10.
-178
Convert -32 (base 14) to base 9.
-48
What is -4 (base 14) in base 2?
-100
-28 (base 11) to base 12
-26
Convert 2 (base 12) to base 4.
2
Convert 2 (base 3) to base 10.
2
What is -9 (base 10) in base 3?
-100
3 (base 13) to base 4
3
155 (base 10) to base 9
182
Convert 1f (base 16) to base 11.
29
What is 5 (base 7) in base 6?
5
What is -35 (base 16) in base 10?
-53
What is 0 (base 16) in base 15?
0
Convert -88 (base 12) to base 14.
-76
What is 9 (base 10) in base 16?
9
Convert -aa (base 15) to base 16.
-a0
Convert -152 (base 6) to base 13.
-53
219 (base 10) to base 4
3123
1 (base 16) to base 4
1
116 (base 8) to base 6
210
-3 (base 12) to base 6
-3
What is -21 (base 3) in base 9?
-7
-100 (base 4) to base 2
-10000
1 (base 3) to base 7
1
What is -110000 (base 2) in base 10?
-48
What is 10 (base 3) in base 7?
3
What is 43 (base 8) in base 10?
35
What is -1 (base 4) in base 15?
-1
What is 34 (base 5) in base 10?
19
Convert 1 (base 9) to base 3.
1
Convert 0 (base 6) to base 15.
0
-23 (base 12) to base 2
-11011
Convert -1 (base 8) to base 16.
-1
-4 (base 11) to base 10
-4
Convert 124 (base 8) to base 4.
1110
Convert 5 (base 8) to base 4.
11
What is -1 (base 5) in base 14?
-1
Convert -1212 (base 3) to base 12.
-42
What is 221 (base 3) in base 14?
1b
Convert -7 (base 10) to base 6.
-11
What is 10 (base 2) in base 16?
2
14 (base 7) to base 4
23
-2 (base 16) to base 13
-2
344 (base 5) to base 16
63
Convert 123 (base 4) to base 5.
102
-63 (base 14) to base 2
-1010111
45 (base 6) to base 10
29
-163 (base 8) to base 10
-115
-10110 (base 2) to base 14
-18
What is -1 (base 13) in base 10?
-1
What is 301 (base 8) in base 16?
c1
5 (base 7) to base 4
11
What is 6 (base 12) in base 2?
110
100 (base 2) to base 14
4
What is 57 (base 10) in base 3?
2010
-c (base 15) to base 2
-1100
Convert -3 (base 7) to base 13.
-3
-2 (base 5) to base 11
-2
What is -200 (base 12) in base 10?
-288
What is -12 (base 4) in base 12?
-6
11 (base 4) to base 8
5
Convert 0 (base 3) to base 9.
0
13 (base 11) to base 10
14
-4 (base 14) to base 9
-4
What is -10 (base 4) in base 16?
-4
What is -40 (base 13) in base 4?
-310
0 (base 14) to base 15
0
What is -17 (base 8) in base 16?
-f
-74 (base 12) to base 6
-224
What is 123 (base 7) in base 6?
150
11110001 (base 2) to base 14
133
Convert 61 (base 14) to base 10.
85
Convert 65 (base 11) to base 5.
241
10 (base 8) to base 2
1000
What is 221 (base 4) in base 13?
32
What is 17 (base 8) in base 3?
120
-4 (base 9) to base 8
-4
Convert -413 (base 7) to base 8.
-316
0 (base 3) to base 6
0
86 (base 15) to base 16
7e
-c (base 13) to base 9
-13
Convert -b (base 12) to base 2.
-1011
What is -91 (base 16) in base 12?
-101
Convert -15 (base 15) to base 8.
-24
-3 (base 14) to base 6
-3
Convert -5 (base 6) to base 2.
-101
What is 344 (base 10) in base 2?
101011000
What is 1111100 (base 2) in base 5?
444
What is 0 (base 4) in base 16?
0
What is -110 (base 2) in base 4?
-12
What is -101101 (base 2) in base 14?
-33
What is 4 (base 15) in base 10?
4
What is a (base 11) in base 13?
a
Convert -302 (base 5) to base 14.
-57
21 (base 3) to base 9
7
a2 (base 13) to base 16
84
Convert 1 (base 12) to base 11.
1
What is -111 (base 2) in base 14?
-7
Convert a2 (base 16) to base 12.
116
What is 8 (base 11) in base 2?
1000
What is a0 (base 13) in base 14?
94
What is -5 (base 11) in base 9?
-5
What is -77 (base 10) in base 8?
-115
What is 5 (base 15) in base 12?
5
Convert -10222 (base 3) to base 7.
-212
c0 (base 14) to base 16
a8
What is -2 (base 14) in base 15?
-2
Convert 10 (base 9) to base 2.
1001
77 (base 13) to base 15
68
Convert 10 (base 5) to base 11.
5
-19 (base 16) to base 8
-31
Convert -3 (base 12) to base 16.
-3
Convert -2130 (base 4) to base 9.
-183
-41 (base 14) to base 11
-52
What is 333 (base 10) in base 11?
283
-8 (base 12) to base 15
-8
Convert -13 (base 14) to base 6.
-25
5 (base 12) to base 15
5
Convert -2 (base 16) to base 10.
-2
What is -143 (base 9) in base 3?
-11110
What is 7 (base 11) in base 13?
7
-49 (base 11) to base 2
-110101
Convert 43 (base 6) to base 14.
1d
What is 1 (base 8) in base 4?
1
324 (base 7) to base 6
433
What is -12 (base 6) in base 15?
-8
Convert -3 (base 11) to base 4.
-3
Convert -1 (base 4) to base 11.
-1
96 (base 12) to base 15
79
Convert -1110010 (base 2) to base 8.
-162
What is -20 (base 6) in base 10?
-12
Convert 0 (base 10) to base 9.
0
Convert -5c (base 14) to base 16.
-52
Convert 44 (base 5) to base 14.
1a
Convert 16 (base 9) to base 6.
23
What is 1030 (base 4) in base 13?
5b
Convert 10 (base 3) to base 10.
3
What is 13 (base 5) in base 14?
8
Convert 15 (base 15) to base 8.
24
1101110 (base 2) to base 15
75
What is -6 (base 8) in base 4?
-12
Convert 2 (base 6) to base 13.
2
Convert 266 (base 8) to base 12.
132
Convert 12 (base 12) to base 7.
20
-11 (base 6) to base 13
-7
What is -34 (base 9) in base 16?
-1f
What is 1 (base 14) in base 10?
1
What is 0 (base 8) in base 16?
0
-2 (base 7) to base 4
-2
What is -8 (base 16) in base 14?
-8
-20 (base 5) to base 7
-13
b (base 16) to base 6
15
-7 (base 10) to base 2
-111
106 (base 11) to base 10
127
4 (base 15) to base 9
4
What is -b (base 16) in base 5?
-21
-5 (base 9) to base 11
-5
What is 8 (base 12) in base 5?
13
3 (base 4) to base 11
3
2 (base 8) to base 3
2
-3 (base 6) to base 12
-3
What is -4 (base 7) in base 12?
-4
-6 (base 16) to base 6
-10
77 (base 16) to base 4
1313
0 (base 13) to base 7
0
What is 21 (base 3) in base 9?
7
Convert 3 (base 15) to base 10.
3
What is -8 (base 10) in base 9?
-8
What is 2 (base 7) in base 5?
2
What is -2 (base 5) in base 8?
-2
Convert 3 (base 8) to base 9.
3
Convert -1 (base 6) to base 9.
-1
What is 0 (base 7) in base 14?
0
-1 (base 7) to base 11
-1
What is -1 (base 10) in base 4?
-1
Convert 10101000 (base 2) to base 15.
b3
Convert -111110 (base 2) to base 5.
-222
Convert -1 (base 14) to base 4.
-1
What is 232 (base 4) in base 8?
56
Convert 35 (base 14) to base 15.
32
What is 123 (base 7) in base 5?
231
Convert -2122 (base 3) to base 5.
-241
101001 (base 2) to base 8
51
ec (base 15) to base 14
11c
-57 (base 16) to base 10
-87
302 (base 5) to base 13
5c
Convert 11 (base 12) to base 7.
16
6 (base 12) to base 4
12
What is -2 (base 11) in base 15?
-2
22 (base 4) to base 5
20
-82 (base 15) to base 8
-172
Convert 35 (base 6) to base 10.
23
1a (base 13) to base 14
19
What is 1 (base 4) in base 7?
1
What is 3c (base 13) in base 2?
110011
What is 2e (base 16) in base 12?
3a
Convert -27 (base 16) to base 3.
-1110
Convert 286 (base 9) to base 4.
3300
What is -23 (base 6) in base 8?
-17
Convert -4 (base 13) to base 4.
-10
5 (base 10) to base 5
10
14 (base 14) to base 15
13
What is 0 (base 4) in base 10?
0
What is -2 (base 5) in base 2?
-10
What is -17 (base 10) in base 11?
-16
What is -108 (base 11) in base 16?
-81
Convert 14 (base 16) to base 4.
110
-326 (base 7) to base 13
-cb
What is 563 (base 8) in base 11?
308
Convert 2e (base 15) to base 7.
62
Convert -63 (base 13) to base 3.
-10000
Convert 8 (base 13) to base 6.
12
Convert 11 (base 3) to base 7.
4
Convert -33 (base 15) to base 4.
-300
What is -10 (base 4) in base 2?
-100
What is 1 (base 5) in base 13?
1
Convert 3 (base 4) to base 15.
3
-68 (base 13) to base 6
-222
What is 121 (base 4) in base 8?
31
13 (base 14) to base 16
11
What is 10 (base 2) in base 16?
2
Convert 112 (base 